e -k + 0*k + 35 = o*u, -4*k + 4*u + 20 = 0. List the prime factors of k.
2, 5
Let f = 11 + 1. Let k be 3/f - (-14)/8. What are the prime factors of (-1)/(k*3/(-48))?
2
Suppose 7*h = 3*p + 2*h - 25, p - 4*h - 13 = 0. Suppose 67 = p*v - 3*a, v = -5*a + 15 + 4. List the prime factors of v.
2, 7
Let s(y) = 36*y + 2. List the prime factors of s(1).
2, 19
Let p = -29 - -59. List the prime factors of p.
2, 3, 5
Let v be -1*(-9)/(27/48). Let w be (2/3)/((-4)/6). What are the prime factors of v/((6/(-3))/w)?
2
Suppose 4*s - 4 = 0, -2*g - s + 5*s + 232 = 0. List the prime factors of g.
2, 59
Let r(p) = -7*p + 4. Let m be r(5). What are the prime factors of (-2 - m) + -2 + 4?
31
Let a(v) = 63*v + 9. What are the prime factors of a(2)?
3, 5
Suppose -25 = -4*s + 7. Suppose s = 3*p - 31. List the prime factors of p.
13
Let s(u) = 19*u + 7. What are the prime factors of s(7)?
2, 5, 7
Let u(d) = 3*d - 4. Let c be u(6). What are the prime factors of 188/c + (-9)/21?
13
Let s be 16/(-40) + (-24)/(-10). List the prime factors of 10 + s - (0 + 1).
11
Let y = 351 + -202. List the prime factors of y.
149
Let f(o) = -o**3 + 12*o**2 - 24*o + 17. List the prime factors of f(7).
2, 47
List the prime factors of (-56 + -4)*(-2)/5.
2, 3
Suppose 4*t + 4*c - 20 = 3*c, 4*t - 4*c - 20 = 0. Suppose 3*b - t*b - 30 = 0. Let s = -6 - b. What are the prime factors of s?
3
Let m(r) = -r**3 - 3*r**2 + r. Let s(t) = -t. Let c(y) = -m(y) + 2*s(y). What are the prime factors of c(-3)?
3
Let s = -24 + 14. Let u = s + 54. What are the prime factors of u?
2, 11
Suppose -2*n + 5*n - 31 = 5*d, 5*n = d - 7. Let t(i) = i**3 + 7*i**2 - 11*i - 12. Let x be t(d). Suppose 3*b - x = -0*b. What are the prime factors of b?
2
Suppose -m - 5*j + 15 = 0, 2*m + 5*j - 39 = 4*j. List the prime factors of m.
2, 5
Suppose -4*a = -0*a + 4. Let m = a - -3. Let v = 14 - m. List the prime factors of v.
2, 3
Suppose 26 = d - 7. Suppose 3 - d = 2*s. List the prime factors of (-3)/(1 - s/(-6)).
2
Suppose 8*l - 3*l - x - 15 = 0, -4*l = 4*x - 12. Suppose -5 = -4*w + 4*g - 5*g, 0 = l*g + 9. Suppose 9 = -w*n + 3*n. List the prime factors of n.
3
Let o(i) = i**2 - 7*i + 9. Let u be o(6). Suppose 1 - 13 = -u*s. List the prime factors of s.
2
Suppose 4*s - 80 = -8. Let a be (-4)/(-14) - (-186)/(-14). Let h = s + a. What are the prime factors of h?
5
Suppose -7*q - 5*o + 19 = -3*q, 0 = 3*q + 5*o - 13. List the prime factors of q.
2, 3
Let u = 187 - 84. What are the prime factors of u?
103
Let n(i) = 11*i. Let f(h) = 13*h - 15*h - 21*h. Let j(g) = 6*f(g) + 13*n(g). What are the prime factors of j(1)?
5
Let m(b) = 2*b**2 - 3*b + 5. List the prime factors of m(-4).
7
Suppose -b - 5 = 5*y - 2, 0 = -5*b + y + 11. Suppose 14 = b*z + 4. Suppose z*a - 2*a = 30. What are the prime factors of a?
2, 5
Let g(l) = -l**3 - l**2 - 6*l - 1. What are the prime factors of g(-4)?
71
Let y = -66 + 101. List the prime factors of y.
5, 7
What are the prime factors of (3 + 787)/5 - -2?
2, 5
Let r = -17 + 28. Suppose -g = 4*s, 2*g - 5 = 3*s - 27. Let o = r + g. List the prime factors of o.
3
Let b(z) = z**3 + 12*z**2 + z + 13. Let v be b(-12). What are the prime factors of 543/15 + v/(-5)?
2, 3
Let h(n) = -n**2 + 7*n. List the prime factors of h(4).
2, 3
Suppose -6*m + 5*m = 0. Suppose m = 3*k - 21 - 36. What are the prime factors of k?
19
Let r(b) = -b - 8. Let w be r(-7). Let c(n) = -n**2 - 6*n - 3. Let u(t) = -1. Let v(y) = w*c(y) - 2*u(y). List the prime factors of v(-7).
2, 3
Let x = -464 - -663. List the prime factors of x.
199
Let r(a) = 2*a**2 - 7*a - 1. Let t be r(5). Let m = t - 26. List the prime factors of (-3)/((-27)/m + -3).
2
Let a be ((-4)/6)/((-7)/(-357)). Suppose 0*v + 2*v = 94. Let x = v + a. List the prime factors of x.
13
Let r(s) = -s**2 + 9*s + 10. Let z be r(10). Let t(u) = u**2 - u + 14. What are the prime factors of t(z)?
2, 7
Let c = -9 - -24. What are the prime factors of (-3)/c + 303/15?
2, 5
Let f(u) = -u + 4. Let d be f(2). Let y(n) = 2*n**2 - n. Let m be y(d). List the prime factors of 3*10*3/m.
3, 5
Suppose u + 2 = 3, 4*y + 4*u - 12 = 0. Let n be y/(-3) - (-55)/15. Suppose 5*s - 12 = n*s. List the prime factors of s.
2, 3
Let u be 0 + 13 - (1 - -2). Let t = 16 - u. What are the prime factors of t?
2, 3
Suppose -825 - 220 = -11*m. What are the prime factors of m?
5, 19
Let o = -14 - -18. What are the prime factors of o?
2
Let f = -49 + 74. Let x = -7 + f. What are the prime factors of x?
2, 3
List the prime factors of (-4)/((-4)/24*3).
2
Suppose -373 = -7*u + 152. What are the prime factors of u?
3, 5
Suppose 10*r - 415 = -2*w + 5*r, -2*w = 2*r - 400. What are the prime factors of w?
3, 5, 13
Suppose 3*f - 22 - 77 = 0. What are the prime factors of f?
3, 11
Let r(z) = -z**3 - 4*z**2 + 6. Let i be r(-5). Suppose -38 = -m + 3*m. Let d = i + m. What are the prime factors of d?
2, 3
Suppose 4*i = -3*q + 40, 5*q + 0*i + i = 95. List the prime factors of q.
2, 5
Let u be 144/15 - (-8)/20. Let z be 1/(1*2/(-6)). Let s = u - z. List the prime factors of s.
13
Let j be (-30)/(-9) - 4/(-6). Let l(o) = o**2 - 4*o + 2*o - o + 3. List the prime factors of l(j).
7
Let k(l) = 20*l**2 + 7*l + 47. Let a(m) = -7*m**2 - 2*m - 16. Let g(r) = 17*a(r) + 6*k(r). List the prime factors of g(-8).
2, 5
Suppose q = -3*x - 3*q + 99, 0 = -x + 4*q + 49. List the prime factors of x.
37
Suppose 5*j = 4*l + 77, -4*j - 3*l + l + 72 = 0. List the prime factors of j.
17
Let u(m) = m**3 + 3*m**2 - 2*m - 1. Let c be u(-3). Suppose v - 4 = -v. Suppose -c*w = -3*d - v*w + 18, 2*d + 5*w = 26. What are the prime factors of d?
2
Suppose -4*r = l - 1149 + 364, 0 = 4*r - 5*l - 755. What are the prime factors of r?
3, 5, 13
Suppose 5*i - 4*w = -20, -2*w - 2 + 12 = -4*i. Let f(l) = -l**2 + 7*l - 3. Let h be f(7). Let o = i - h. List the prime factors of o.
3
Let g = -25 - -32. Suppose g*v - 184 = 3*v. List the prime factors of v.
2, 23
List the prime factors of (-3518)/(-12) + 1/(-6) + -2.
3, 97
Let p(n) = -45*n**3 - 2*n**2 - 2*n. What are the prime factors of p(-1)?
3, 5
Let n(f) = -f**2 + 14*f + 21. What are the prime factors of n(11)?
2, 3
Let a(i) = -20*i - 1. Let m be a(-1). Let o = m - -7. Let l = -10 + o. List the prime factors of l.
2
Let i(m) = m**3 + m**2 + m - 11. Let x be i(0). List the prime factors of x/(-22) - 51/(-2).
2, 13
Let f(y) = 6*y**2 - 3*y + 1. Let g(n) = -5*n**2 + 2*n - 2. Let p(z) = 6*f(z) + 7*g(z). Let q be p(6). Suppose q*v - 7 - 5 = 0. What are the prime factors of v?
3
Let c = -173 - -345. List the prime factors of c.
2, 43
Let z = -6 - -8. Suppose z*j - 6 = 18. What are the prime factors of j?
2, 3
Let l(g) = g**2 + 8*g + 9. Let o be l(-7). List the prime factors of (7/(-3) - o)*-3.
13
Let f(a) = -9*a - 31. List the prime factors of f(-9).
2, 5
Let y(s) = 4*s + 5. Let x be y(-5). Let q = x + 27. List the prime factors of q.
2, 3
Suppose 0 = 4*o - 16, 309 = -2*x + 5*x - 3*o. List the prime factors of x.
107
Let m be (-4)/22 + 4/22. Suppose -g + 10 = -m*g. Suppose -s = -0*s - g. List the prime factors of s.
2, 5
Let y = 28 + 3. List the prime factors of y.
31
Let a = -13 + 16. What are the prime factors of a?
3
Let z(u) = -u. Let k = -3 + 7. Let j(x) = x**2 + 2. Let o(i) = k*z(i) + j(i). What are the prime factors of o(5)?
7
Let m(u) = 3*u**2 - 15*u - 2. Let l(o) = -o**2 + 7*o + 1. Let k(q) = -5*l(q) - 2*m(q). Let f be k(-4). Suppose -f*h + 31 = -5. What are the prime factors of h?
2, 3
Suppose 2*i = 2*f, -2*i - f - f = 0. Suppose i = -2*w + w + 14. List the prime factors of w.
2, 7
Let v(q) = 66*q**3 + 1. List the prime factors of v(1).
67
Suppose 4*d - 28 = 3*d. Let i = 0 + d. List the prime factors of i.
2, 7
Let r = 9 - 4. Let c(q) = -q**3 + 2*q**2 + q. Let l be c(2). Let g = r + l. What are the prime factors of g?
7
Let y = -11 + 15. Let z be 2/((-6)/3) + y. Suppose -l + z*g = -18, -2*g + 0*g - 13 = -l. List the prime factors of l.
3
Let z(l) = -l**2 - l + 1. Let o(x) = 6*x**2 + 11*x - 1. Let b(c) = o(c) + 5*z(c). Let k(a) = 2*a - 52. Let n be k(23). What are the prime factors of b(n)?
2
Let a = 134 + -87. What are the prime factors of a?
47
Let m(x) = 5*x + 1. Let q be ((-2)/3)/(8/(-36)). Let g = q - 2. List the prime factors of m(g).
2, 3
Suppose 3*x + 0*x + 4*u = 10, 2*u = 8. List the prime factors of 2/1 + (-10)/x.
7
